ed by 568.
566
Calculate the remainder when 76975 is divided by 566.
565
What is the remainder when 161762 is divided by 473?
469
Calculate the remainder when 3057 is divided by 138.
21
Calculate the remainder when 260875 is divided by 40.
35
Calculate the remainder when 26962 is divided by 1348.
2
What is the remainder when 63760 is divided by 35?
25
Calculate the remainder when 34070 is divided by 11351.
17
What is the remainder when 996 is divided by 321?
33
Calculate the remainder when 1130 is divided by 1020.
110
Calculate the remainder when 18178 is divided by 825.
28
What is the remainder when 1003 is divided by 200?
3
What is the remainder when 1456 is divided by 483?
7
What is the remainder when 20094 is divided by 190?
144
Calculate the remainder when 2781 is divided by 73.
7
Calculate the remainder when 78142 is divided by 13023.
4
What is the remainder when 439721 is divided by 195?
191
Calculate the remainder when 8390 is divided by 769.
700
Calculate the remainder when 160 is divided by 25.
10
Calculate the remainder when 50015 is divided by 93.
74
What is the remainder when 286125 is divided by 1635?
0
Calculate the remainder when 119293 is divided by 241.
239
Calculate the remainder when 894941 is divided by 54.
53
What is the remainder when 8999 is divided by 478?
395
What is the remainder when 53823 is divided by 1?
0
What is the remainder when 32742 is divided by 32669?
73
Calculate the remainder when 605353 is divided by 56.
49
What is the remainder when 257318 is divided by 257315?
3
Calculate the remainder when 2320 is divided by 227.
50
Calculate the remainder when 294661 is divided by 363.
268
What is the remainder when 5304 is divided by 274?
98
Calculate the remainder when 21022 is divided by 12.
10
What is the remainder when 7472 is divided by 20?
12
What is the remainder when 1735 is divided by 386?
191
What is the remainder when 1097 is divided by 61?
60
What is the remainder when 947516 is divided by 252?
248
What is the remainder when 781247 is divided by 7?
5
Calculate the remainder when 8865 is divided by 2947.
24
Calculate the remainder when 52812 is divided by 1229.
1194
What is the remainder when 20594 is divided by 10?
4
What is the remainder when 2250 is divided by 288?
234
Calculate the remainder when 1802 is divided by 496.
314
Calculate the remainder when 38906 is divided by 23.
13
What is the remainder when 3987 is divided by 769?
142
Calculate the remainder when 1935 is divided by 1805.
130
What is the remainder when 1645 is divided by 1471?
174
Calculate the remainder when 272329 is divided by 241.
240
Calculate the remainder when 142144 is divided by 1673.
1612
Calculate the remainder when 18573 is divided by 9272.
29
Calculate the remainder when 11559 is divided by 1273.
102
Calculate the remainder when 4831 is divided by 124.
119
Calculate the remainder when 14873 is divided by 30.
23
What is the remainder when 25743 is divided by 8446?
405
What is the remainder when 3554 is divided by 3533?
21
What is the remainder when 9688 is divided by 4841?
6
What is the remainder when 274819 is divided by 28?
27
What is the remainder when 46613 is divided by 208?
21
Calculate the remainder when 3343103 is divided by 384.
383
Calculate the remainder when 365824 is divided by 68.
52
Calculate the remainder when 372 is divided by 319.
53
What is the remainder when 3266 is divided by 131?
122
Calculate the remainder when 841 is divided by 66.
49
What is the remainder when 433 is divided by 35?
13
Calculate the remainder when 2987 is divided by 209.
61
What is the remainder when 21944 is divided by 7268?
140
Calculate the remainder when 517 is divided by 457.
60
Calculate the remainder when 192035 is divided by 59.
49
Calculate the remainder when 872 is divided by 729.
143
Calculate the remainder when 350519 is divided by 184.
183
Calculate the remainder when 799 is divided by 110.
29
What is the remainder when 5294 is divided by 55?
14
Calculate the remainder when 677 is divided by 323.
31
Calculate the remainder when 216395 is divided by 30913.
4
What is the remainder when 43969 is divided by 83?
62
What is the remainder when 244985 is divided by 2248?
2201
What is the remainder when 8170 is divided by 1360?
10
What is the remainder when 99792 is divided by 99791?
1
What is the remainder when 49319 is divided by 10?
9
Calculate the remainder when 812 is divided by 418.
394
What is the remainder when 6216 is divided by 364?
28
Calculate the remainder when 54540 is divided by 120.
60
What is the remainder when 3725 is divided by 9?
8
What is the remainder when 974906 is divided by 727?
726
Calculate the remainder when 5948 is divided by 494.
20
Calculate the remainder when 698 is divided by 207.
77
What is the remainder when 291862 is divided by 173?
11
Calculate the remainder when 932201 is divided by 122.
121
Calculate the remainder when 227584 is divided by 49.
28
Calculate the remainder when 134293 is divided by 239.
214
What is the remainder when 99843 is divided by 83?
77
What is the remainder when 3172 is divided by 731?
248
Calculate the remainder when 3848 is divided by 123.
35
What is the remainder when 16768 is divided by 130?
128
Calculate the remainder when 6461 is divided by 118.
89
What is the remainder when 48917 is divided by 122?
117
Calculate the remainder when 46838 is divided by 4681.
28
What is the remainder when 13213 is divided by 2590?
263
What is the remainder when 8584 is divided by 85?
84
Calculate the remainder when 14572 is divided by 100.
72
Calculate the remainder when 11392 is divided by 10.
2
What is the remainder when 1195192 is divided by 597?
595
Calculate the remainder when 1498 is divided by 745.
8
What is the remainder when 22943 is divided by 13?
11
What is the remainder when 325190 is divided by 169?
34
Calculate the remainder when 2069 is divided by 58.
39
Calculate the remainder when 66990 is divided by 86.
82
What is the remainder when 475593 is divided by 198?
195
What is the remainder when 142179 is divided by 320?
99
What is the remainder when 6493 is divided by 433?
431
Calculate the remainder when 1736 is divided by 1554.
182
What is the remainder when 11183 is divided by 373?
366
What is the remainder when 5805 is divided by 242?
239
What is the remainder when 21712 is divided by 371?
194
What is the remainder when 33433 is divided by 440?
433
What is the remainder when 152525 is divided by 39?
35
What is the remainder when 7835 is divided by 28?
23
Calculate the remainder when 4021 is divided by 143.
17
Calculate the remainder when 2147 is divided by 6.
5
Calculate the remainder when 65226 is divided by 112.
42
What is the remainder when 116560 is divided by 12949?
19
What is the remainder when 490 is divided by 143?
61
What is the remainder when 4478 is divided by 468?
266
Calculate the remainder when 26323 is divided by 9.
7
Calculate the remainder when 2084349 is divided by 96.
93
What is the remainder when 1774731 is divided by 122?
119
What is the remainder when 63191 is divided by 63187?
4
Calculate the remainder when 6900 is divided by 50.
0
Calculate the remainder when 75227 is divided by 12536.
11
Calculate the remainder when 1133350 is divided by 377777.
19
What is the remainder when 12609 is divided by 1399?
18
Calculate the remainder when 28795 is divided by 2617.
8
Calculate the remainder when 446 is divided by 254.
192
What is the remainder when 2548 is divided by 26?
0
What is the remainder when 15827764 is divided by 17?
16
Calculate the remainder when 20934 is divided by 1715.
354
What is the remainder when 170999 is divided by 1693?
6
What is the remainder when 1581 is divided by 38?
23
Calculate the remainder when 8007 is divided by 94.
17
Calculate the remainder when 5964564 is divided by 21.
18
What is the remainder when 810490 is divided by 45?
40
What is the remainder when 9896 is divided by 4893?
110
What is the remainder when 19917 is divided by 34?
27
Calculate the remainder when 9034 is divided by 23.
18
Calculate the remainder when 11220 is divided by 387.
384
What is the remainder when 2656 is divided by 38?
34
What is the remainder when 28745 is divided by 137?
112
Calculate the remainder when 5296 is divided by 7.
4
Calculate 